 144857277.
3, 521, 30893
List the prime factors of 79436004.
2, 3, 67, 98801
What are the prime factors of 20805748?
2, 5201437
List the prime factors of 9349680826.
2, 23, 2243, 90617
List the prime factors of 599613603.
3, 199871201
What are the prime factors of 1185028281?
3, 131669809
List the prime factors of 220767077.
67, 307, 10733
What are the prime factors of 96182295?
3, 5, 11, 197, 269
List the prime factors of 37409438.
2, 11, 1049, 1621
What are the prime factors of 26700979?
43, 89, 6977
List the prime factors of 160799671.
4099, 39229
What are the prime factors of 1260715852?
2, 11, 17, 1685449
What are the prime factors of 20878461?
3, 2319829
List the prime factors of 686346842.
2, 19, 18061759
List the prime factors of 1295137995.
3, 5, 31, 1129, 2467
List the prime factors of 148154021.
1123, 131927
What are the prime factors of 2291791302?
2, 3, 127321739
List the prime factors of 4362280626.
2, 3, 11, 546241
What are the prime factors of 1293991242?
2, 3, 41, 5260127
What are the prime factors of 373007452?
2, 93251863
What are the prime factors of 560483771?
263, 379, 5623
What are the prime factors of 358200364?
2, 1933, 46327
What are the prime factors of 10066777?
7, 487, 2953
List the prime factors of 3578363311.
157, 1489, 15307
List the prime factors of 1209962044.
2, 302490511
What are the prime factors of 24756405?
3, 5, 1650427
List the prime factors of 156305852.
2, 241, 162143
What are the prime factors of 2841628761?
3, 17, 53, 350429
What are the prime factors of 94594948?
2, 7, 3378391
What are the prime factors of 7485517969?
23, 41, 7937983
List the prime factors of 10917884.
2, 449, 6079
List the prime factors of 32362811.
13, 29, 85843
List the prime factors of 870924391.
870924391
What are the prime factors of 2761902295?
5, 1979, 279121
List the prime factors of 3654544534.
2, 1827272267
What are the prime factors of 5617332623?
7, 802476089
List the prime factors of 307451664.
2, 3, 13, 17, 9661
List the prime factors of 472670432.
2, 13, 1136227
List the prime factors of 6137722877.
11, 13, 42921139
What are the prime factors of 713648563?
37, 19287799
List the prime factors of 212896296.
2, 3, 985631
What are the prime factors of 139978914?
2, 3, 71, 328589
List the prime factors of 188189688.
2, 3, 2143, 3659
List the prime factors of 2719243195.
5, 23, 97, 243769
What are the prime factors of 5820829252?
2, 7, 683, 304373
What are the prime factors of 7346303952?
2, 3, 13, 3001, 3923
What are the prime factors of 100140807?
3, 13, 109, 23557
List the prime factors of 158415528.
2, 3, 773, 8539
What are the prime factors of 41471441?
11, 433, 8707
List the prime factors of 272512011.
3, 90837337
List the prime factors of 21363942.
2, 3, 19, 193, 971
What are the prime factors of 269580090?
2, 3, 5, 13, 691231
List the prime factors of 42182625.
3, 5, 197, 571
List the prime factors of 133444920.
2, 3, 5, 7, 158863
List the prime factors of 602298612.
2, 3, 5576839
What are the prime factors of 345552990?
2, 3, 5, 37, 193, 1613
What are the prime factors of 57158930?
2, 5, 17, 101, 3329
What are the prime factors of 66509929?
66509929
What are the prime factors of 21795086?
2, 1229, 8867
What are the prime factors of 48153526?
2, 653, 36871
What are the prime factors of 4518693?
3, 29, 199
List the prime factors of 1034756480.
2, 5, 1616807
List the prime factors of 41055130.
2, 5, 683, 6011
List the prime factors of 920760547.
7, 557, 236153
What are the prime factors of 33494900?
2, 5, 23, 14563
What are the prime factors of 166016361?
3, 7, 47, 24029
What are the prime factors of 887130977?
1249, 710273
What are the prime factors of 550221654?
2, 3, 91703609
What are the prime factors of 295928153?
295928153
List the prime factors of 1575476396.
2, 13, 541, 56003
List the prime factors of 136600415.
5, 7, 31, 125899
List the prime factors of 33560172.
2, 3, 932227
What are the prime factors of 2519560311?
3, 839853437
List the prime factors of 174506439.
3, 58168813
What are the prime factors of 560729731?
2053, 273127
List the prime factors of 256662987.
3, 7, 12222047
List the prime factors of 377691801.
3, 125897267
List the prime factors of 146660205.
3, 5, 9777347
What are the prime factors of 32464842?
2, 3, 251, 21557
What are the prime factors of 1114069186?
2, 37, 15054989
List the prime factors of 1855938870.
2, 3, 5, 37, 557339
List the prime factors of 167914553.
29, 5790157
What are the prime factors of 262838817?
3, 769, 12659
What are the prime factors of 1314666308?
2, 1129, 291113
What are the prime factors of 216881446?
2, 108440723
What are the prime factors of 2243303898?
2, 3, 11, 33989453
List the prime factors of 1000706757.
3, 557, 598867
List the prime factors of 117590911.
29, 41, 98899
List the prime factors of 1836121863.
3, 29, 21104849
What are the prime factors of 125113551?
3, 31, 43397
List the prime factors of 161958147.
3, 13, 19, 127, 1721
What are the prime factors of 331957512?
2, 3, 19, 242659
List the prime factors of 1551108421.
1423, 1090027
What are the prime factors of 300732023?
17, 31, 570649
List the prime factors of 94805431.
7, 13543633
List the prime factors of 7912756006.
2, 3956378003
List the prime factors of 1316207782.
2, 79, 347, 24007
What are the prime factors of 1837877822?
2, 11, 103, 811067
What are the prime factors of 51949831?
31, 1675801
What are the prime factors of 423593464?
2, 7, 37, 204437
List the prime factors of 435662815.
5, 7, 12447509
What are the prime factors of 2051233365?
3, 5, 29, 83, 56813
What are the prime factors of 114534518?
2, 7, 73, 112069
What are the prime factors of 50660401?
11, 179, 2339
List the prime factors of 825515.
5, 165103
List the prime factors of 162427171.
162427171
What are the prime factors of 725652999?
3, 79, 151, 751
What are the prime factors of 112581296?
2, 7036331
List the prime factors of 2893671038.
2, 283, 643, 7951
List the prime factors of 330565145.
5, 3533, 18713
List the prime factors of 4316572196.
2, 23, 46919263
What are the prime factors of 1069615279?
19, 277, 203233
What are the prime factors of 380287293?
3, 47, 2697073
List the prime factors of 158188915.
5, 379, 83477
List the prime factors of 274130809.
274130809
What are the prime factors of 599303093?
599303093
What are the prime factors of 153525416?
2, 11, 113, 15439
List the prime factors of 59337142.
2, 29668571
What are the prime factors of 5252999936?
2, 4493, 4567
List the prime factors of 293981311.
13, 22613947
What are the prime factors of 227623845?
3, 5, 419, 36217
What are the prime factors of 27826779?
3, 9275593
What are the prime factors of 286930669?
29, 41, 241321
What are the prime factors of 38400710?
2, 5, 19, 202109
List the prime factors of 163417910.
2, 5, 601, 27191
List the prime factors of 578650.
2, 5, 71, 163
List the prime factors of 254603689.
13859, 18371
What are the prime factors of 69583377?
3, 19, 1220761
What are the prime factors of 1655447695?
5, 11, 1523, 19763
List the prime factors of 53485944.
2, 3, 17, 337, 389
What are the prime factors of 105245875?
5, 7, 17183
What are the prime factors of 9724764?
2, 3, 7, 115771
What are the prime factors of 1637664903?
3, 7, 25994681
List the prime factors of 663191458.
2, 331595729
What are the prime factors of 479020872?
2, 3, 11, 1814473
What are the prime factors of 854652504?
2, 3, 29, 1227949
List the prime factors of 195724280.
2, 5, 71, 68917
List the prime factors of 143556049.
7, 13, 1577539
What are the prime factors of 28036983?
3, 13, 718897
List the prime factors of 148927139.
23, 149, 43457
What are the prime factors of 2521232012?
2, 13, 107, 453133
What are the prime factors of 1737362713?
37, 46955749
What are the prime factors of 280109050?
2, 5, 13, 33149
List the prime factors of 313330217.
11503, 27239
List the prime factors of 1452953740.
2, 5, 7, 37, 179, 1567
List the prime factors of 54434663.
17, 3202039
List the prime factors of 902988947.
7, 23, 5608627
List the prime factors of 1357386915.
3, 5, 2143, 42227
List the prime factors of 135420273.
3, 151, 251, 397
What are the prime factors of 188651161?
1549, 121789
What are the prime factors of 76908915?
3, 5, 1709087
List the prime factors of 5379